{"id":586,"date":"2023-03-07T21:23:52","date_gmt":"2023-03-07T20:23:52","guid":{"rendered":"https:\/\/murielleschreder.com\/?page_id=586"},"modified":"2023-09-15T11:22:07","modified_gmt":"2023-09-15T09:22:07","slug":"les-animaux-de-la-tradition-druidique","status":"publish","type":"page","link":"https:\/\/murielleschreder.com\/index.php\/les-animaux-de-la-tradition-druidique\/","title":{"rendered":"Les Animaux de la Tradition Druidique"},"content":{"rendered":"\n<figure class=\"wp-block-gallery has-nested-images columns-default is-cropped wp-block-gallery-1 is-layout-flex wp-block-gallery-is-layout-flex\">\n<figure class=\"wp-block-image size-large\"><img decoding=\"async\" loading=\"lazy\" width=\"1024\" height=\"683\" data-id=\"54\" src=\"https:\/\/murielleschreder.com\/wp-content\/uploads\/2019\/11\/deer-1245712_1920-1024x683.jpg\" alt=\"\" class=\"wp-image-54\" srcset=\"https:\/\/murielleschreder.com\/wp-content\/uploads\/2019\/11\/deer-1245712_1920-1024x683.jpg 1024w, https:\/\/murielleschreder.com\/wp-content\/uploads\/2019\/11\/deer-1245712_1920-300x200.jpg 300w, https:\/\/murielleschreder.com\/wp-content\/uploads\/2019\/11\/deer-1245712_1920-768x512.jpg 768w, https:\/\/murielleschreder.com\/wp-content\/uploads\/2019\/11\/deer-1245712_1920-1568x1045.jpg 1568w, https:\/\/murielleschreder.com\/wp-content\/uploads\/2019\/11\/deer-1245712_1920.jpg 1920w\" sizes=\"(max-width: 1024px) 100vw, 1024px\" \/><\/figure>\n<\/figure>\n\n\n\n<p>Les Animaux de la Tradition Druidique sont au nombre de 33, et se d\u00e9roulent en 3 cycles de transmutation de 11 animaux par cycle. Il est int\u00e9ressant de les conna\u00eetre pour contacter cet espace archa\u00efque de n\u00f4tre inconscient. <\/p>\n\n\n\n<p><\/p>\n\n\n\n<p>En faisant leur connaissance, nous allons puiser dans cette r\u00e9serve de sagesse ancienne li\u00e9e aux rythmes des saisons, des transmutations. <\/p>\n\n\n\n<p>Le temps d\u2019un week-end nous allons apprendre ce cycle, le pratiquer, au contact de mes chevaux, du feu, de la for\u00eat. <\/p>\n\n\n\n<p>Dates : 27 et 28 Janvier 2024, <\/p>\n\n\n\n<p>Tarif: 180\u20ac<\/p>\n","protected":false},"excerpt":{"rendered":"<p>Les Animaux de la Tradition Druidique sont au nombre de 33, et se d\u00e9roulent en 3 cycles de transmutation de 11 animaux par cycle. Il est int\u00e9ressant de les conna\u00eetre pour contacter cet espace archa\u00efque de n\u00f4tre inconscient. En faisant leur connaissance, nous allons puiser dans cette r\u00e9serve de sagesse ancienne li\u00e9e aux rythmes des [&hellip;]<\/p>\n","protected":false},"author":1,"featured_media":0,"parent":0,"menu_order":0,"comment_status":"closed","ping_status":"closed","template":"templates\/landing.php","meta":{"footnotes":""},"_links":{"self":[{"href":"https:\/\/murielleschreder.com\/index.php\/wp-json\/wp\/v2\/pages\/586"}],"collection":[{"href":"https:\/\/murielleschreder.com\/index.php\/wp-json\/wp\/v2\/pages"}],"about":[{"href":"https:\/\/murielleschreder.com\/index.php\/wp-json\/wp\/v2\/types\/page"}],"author":[{"embeddable":true,"href":"https:\/\/murielleschreder.com\/index.php\/wp-json\/wp\/v2\/users\/1"}],"replies":[{"embeddable":true,"href":"https:\/\/murielleschreder.com\/index.php\/wp-json\/wp\/v2\/comments?post=586"}],"version-history":[{"count":4,"href":"https:\/\/murielleschreder.com\/index.php\/wp-json\/wp\/v2\/pages\/586\/revisions"}],"predecessor-version":[{"id":603,"href":"https:\/\/murielleschreder.com\/index.php\/wp-json\/wp\/v2\/pages\/586\/revisions\/603"}],"wp:attachment":[{"href":"https:\/\/murielleschreder.com\/index.php\/wp-json\/wp\/v2\/media?parent=586"}],"curies":[{"name":"wp","href":"https:\/\/api.w.org\/{rel}","templated":true}]}}